**4/3 - 7*k**3/3 + 13*k**2. Let f be x(4). What is the tens digit of f*(59/2 - 36/(-12))?
6
Suppose 14 + 11 = 5*c. Suppose 4*r + 2*v + 2 = -2, 0 = 4*r - c*v + 18. What is the units digit of (3 - (-20)/(-6))/(r/96)?
6
Let i(a) be the first derivative of -421*a**4/4 + a**3 + 5*a**2/2 + 3*a + 11. What is the units digit of i(-1)?
2
Let r be -4 - 24/(-16)*2. What is the tens digit of (1 - 702)/(0 + (r - 0))?
0
Suppose 4*r + 0 - 8 = 0. What is the tens digit of 6 + (-1928 - r)/(-5)?
9
Let b(q) = -q**3 + q**2 - 10*q + 288. Let d(o) = -o**3 + 18*o**2 - 11*o - 102. Let k be d(17). What is the tens digit of b(k)?
8
Let x = -37669 + 81612. What is the hundreds digit of x?
9
Let x(h) = -46*h - 113. Let u be x(-12). Let p = 640 - u. What is the units digit of p?
1
Let s(q) = -3*q**3 - 6*q**2 - 3*q. Let v be s(-2). Suppose v*y + 0 = 18. What is the units digit of (1 - 29)/(y/((-126)/12))?
8
Suppose -35569 = -8*q + 20791. What is the thousands digit of q?
7
Suppose 0 = -2*h + 4*m + 378, 5*m = -h - h + 360. Let p = h + 252. What is the tens digit of p?
3
Suppose 6*d = 730 + 6728. Suppose 7*x + d - 5800 = 0. What is the hundreds digit of x?
6
Suppose 169*a = 170*a - 1379. What is the tens digit of a?
7
Let k(t) = 3457*t - 123. What is the thousands digit of k(3)?
0
Let h(y) = y**3 + 3*y**2 + 3*y - 19. Let o(m) = -m**2 - 21*m - 30. Let u be o(-19). What is the units digit of h(u)?
9
Suppose 3*x + 5*i + 426 = -0*i, 3*x - 4*i = -399. Let q be (-308)/21*(4 + (20/8)/5). Let f = q - x. What is the tens digit of f?
7
Let u(l) = l**3 + 4*l**2 - l - 1. Let m be u(-4). Suppose -m*w = 8*n - 4*n - 2, n - 5 = 0. What is the units digit of 1 + 3/(-2) - 693/w?
5
Let y = 5 - 2. Let a be (-4)/(8/6) + (219 - 52). Suppose 5*r = y*r + a. What is the tens digit of r?
8
Let n(c) = 476*c**2 + c + 21. What is the tens digit of n(4)?
4
Let x = -5584 - -8102. What is the units digit of x?
8
Let s(p) = -p**2 + 42*p + 113. Let g be s(23). Suppose -9*c + 863 = -g. What is the hundreds digit of c?
1
Suppose -q = q - h + 5, -4*q = -3*h + 15. Suppose -2*i + 4*a + 450 = q, -2*a - a + 845 = 4*i. What is the hundreds digit of i?
2
Suppose 2*v - 4 = 0, 17*b - 83413 = 14*b + 4*v. What is the thousands digit of b?
7
Let g = -76090 + 130292. What is the units digit of g?
2
Let j(v) be the first derivative of 10*v**3/3 + 39*v**2/2 - 5*v + 24. What is the tens digit of j(-8)?
2
Let g(s) = s + 25. Let j(q) = -13. Let i(d) = 3*g(d) + 5*j(d). Let h be i(0). Suppose -9*w - 127 = -h*w. What is the units digit of w?
7
Suppose 5*p = 3*p. Suppose -11*q = 5*o - 8*q - 1703, o + q - 339 = p. What is the units digit of o?
3
Let o(q) be the third derivative of q**5/15 + q**4/2 - q**3 - 119*q**2. What is the tens digit of o(-13)?
1
Let q = -127 - -128. Suppose 0 = -o + 3*t + 11 + q, 4*t = -o + 12. Suppose o*d - 30 = 270. What is the tens digit of d?
2
Suppose -78 = -2*l + 30. Let j = l - -74. Suppose 307 + j = 5*d. What is the units digit of d?
7
Let g = -924 + 3042. What is the thousands digit of g?
2
Let j be -70*1/(-22) - 6/33. Suppose -q + 145 = 2*o, j*o = q + 268 - 43. Let c = o - 25. What is the units digit of c?
9
Suppose k - 10 = 28. Let c = k - 30. Suppose 4*b - 2*o = -4*o + 40, c = -b - 5*o. What is the units digit of b?
2
Let p(a) = 866*a - 230. What is the thousands digit of p(5)?
4
Let b be (-1 - 0) + (217 - -5) + -1. Suppose 6*u - b - 2906 = 0. What is the hundreds digit of u?
5
Suppose -2*t = -2*n - 514, -4*t + 761 = -3*n + t. Let k = n + 522. Suppose 15*r = 2*r + k. What is the units digit of r?
0
Let d be (1/2)/((-1)/(-4)). Suppose 5*k + d*x - 232 = 3*k, -5*k + 2*x + 573 = 0. What is the tens digit of 2599/k - (12/(-10))/(-2)?
2
Suppose -152 - 1252 = 18*k. What is the units digit of (108/3)/2*k/(-12)?
7
Suppose -3*a - 7*r + 17339 = -8*r, 5*a + r = 28885. What is the tens digit of a?
7
Let t = 165 - 0. Suppose -2*p = 5*u - 0*u - t, -4*p + 339 = u. Suppose 0*z + 2*z - 5*w = 61, -3*z + w = -p. What is the units digit of z?
8
Let m(l) = l**2 - 11*l - 13. Suppose 0 = -5*t + 23 - 3. Let g be (-40)/12*(-18)/t. What is the tens digit of m(g)?
4
Let i(s) = -2633*s**2 - 63*s - 3. Let f be i(-5). What is the tens digit of f/(-161) - 14/(-161)?
0
Let q = 383316 - 227470. What is the hundreds digit of q/290 - 2/5?
5
Let o(p) = 9*p**2 + 29*p + 78. Let b(m) = m**2 - 16*m + 37. Let k be b(4). What is the hundreds digit of o(k)?
8
What is the thousands digit of 8/(88/35739) + -2?
3
Let u(h) = 11*h - 1298. Let o be u(118). Let v be (-1 - 0) + 1 - 103. What is the tens digit of (v/(-2) - o)/((-10)/(-20))?
0
Let t(l) = -3358 + 8*l - 3*l + 3359. Let g be t(0). What is the hundreds digit of (179/g + -2)*(-40)/(-60)?
1
Let b = -54 - -57. Suppose 0 = -b*k + 190 - 823. Let g = -32 - k. What is the tens digit of g?
7
Let o = 296591 - 29107. What is the hundreds digit of o/364 - 3*2/(-39)?
7
Let o = 139 - 220. Let w = -79 - o. Suppose -3*t = w*t - 190. What is the units digit of t?
8
Suppose 13*b + 12771 - 36548 = 0. Suppose y + 4 = 0, -5*n + b = 4*y - 5830. What is the hundreds digit of n?
5
Let l = -141 - -1175. What is the units digit of l?
4
Suppose -74*p + 447957 = -192254 - 115107. What is the hundreds digit of p?
2
Let o be 3/(-6)*35*126/(-35). Suppose -o*t + 77588 + 33922 = 0. What is the hundreds digit of t?
7
Let u be 44/6*(-19 + 16). What is the tens digit of (-1)/(3 + u*582/4266)?
1
Suppose -2*y - 11144 = -16*y. Suppose 13 = 3*n + 7, w - y = -2*n. What is the tens digit of w?
9
Let c = 131 + 246. Let i = c + -324. What is the units digit of i?
3
Suppose 16643*x - 80556 = 16631*x. What is the units digit of x?
3
Let o(g) = 8*g + 5. Let i(a) = -a. Let m(l) = -3*i(l) - o(l). Let c be m(-2). Suppose c*k - 322 = 38. What is the units digit of k?
2
Let y = 4872 + 4981. What is the units digit of y?
3
Let b(z) = 2*z**2 - 22*z + 3. Let l = 30 + -10. Let f be b(l). Suppose -6*w + 3*w = -f. What is the units digit of w?
1
Let r be 1 - (-3 + -4 - -2). Let y(q) = q**3 - q**2 + 29*q - 17. What is the units digit of y(r)?
7
Suppose 0 = 31*m - 38*m - 56. Let l(u) = u. Let n(d) = 13*d - 68. Let h(o) = 4*l(o) - n(o). What is the units digit of h(m)?
0
Suppose -2*n + 5*h + 16 = 0, -17 = -3*n + 4*h - 0*h. Suppose -2*u = -2*b + 742, n - 2 = -u. What is the units digit of b?
0
Let w(r) = 5*r**2 + 48*r - 373. What is the units digit of w(-28)?
3
Suppose 0 = -l + 6*l - 25. Suppose 4*p - 3 - l = 0. Suppose 17 = -p*h + 153. What is the tens digit of h?
6
Suppose 87 = -g + o + 2*o, 2*g - 4*o = -178. Let c(l) = -l**3 - 3*l**2 + 4*l + 1. Let x be c(-4). What is the units digit of ((g/(-1) - -1) + -2)*x?
2
Suppose 0 = 4*a - 0*a - 224. Let l = a - 62. What is the hundreds digit of (l/(-12))/((-1)/(-242))?
1
Let d be (-3 - 0)*((-672)/(-9))/(-7). Suppose u = 213 + d. Let v = u + -140. What is the hundreds digit of v?
1
Suppose -26*l + 71671 = -62177. What is the thousands digit of l?
5
Let f(d) be the first derivative of d**2/2 + 11*d + 3. Let k be f(-7). Suppose 5*u - 334 = 2*j - k*j, -2*u + 166 = j. What is the units digit of j?
2
Suppose -f + 2*f + 160 = -n, -816 = 5*f - 3*n. Let b be (f/(-4))/(((-1)/(-2))/1). Suppose -84*k + 30 = -b*k. What is the units digit of k?
0
Let c be (432/(-20) + 7)*-155. Suppose 582 = i + 6*l - 3*l, -4*i + l + c = 0. What is the tens digit of i?
6
Let o(b) = -10*b**2 + 91*b - 7. Let l(z) = z - 2. Let d(u) = -4*l(u) + o(u). What is the tens digit of d(6)?
6
Suppose 0 = 24*u - 26*u - 18. Let b(t) = -2*t**2 + 181*t**3 - 182*t**3 - 5*t**2 - 12. What is the hundreds digit of b(u)?
1
Let n(b) = 4*b - 16. Let p be n(6). Suppose p*x - 19*x = -3476. What is the units digit of x?
6
Suppose 0 = -k - 411 - 91. Let p = k - -904. What is the units digit of p?
2
Let w = 292 + -348. Let r = 114 + w. What is the tens digit of r?
5
Suppose -1752*g = -1770*g + 261288. What is the tens digit of g?
1
Suppose -5*j + 2*d + 771 = 0, -4*d - 474 = -3*j + d. Let s be -5 - (-19 + -3) - 0/(-1). Suppose n - 5*m + s = 2*n, 4*n = -3*m + j. What is the tens digit of n?
4
Let j be (-6)/(-33) + (-21366)/(-99). Suppose -5*u = -j - 229. What is the units digit of u?
9
Let d = 156 + 37842. What is the tens digit of d?
9
Suppose 43*y + 57525 = 46*y. What is the tens digit of y?
7
Let z = 55 + -66. Let f(u) = -20*u - 16. Let q be f(z). Suppose -2